0 - q. Is y composite?
True
Let q be (1/(-1))/(2/(-6)). Let a(o) = 14*o**2 + 3*o + 2. Let v be a(-2). Suppose v = q*u + 7. Is u a prime number?
False
Let r = 96 + -13. Is r prime?
True
Suppose 4*s - 2*s - 94 = 0. Is s a composite number?
False
Suppose -5*h = -1 - 14, z = 2*h - 6. Suppose z = -2*p + 140 + 282. Is p composite?
False
Let h(j) = j**3 - 2*j**2 - 3. Is h(3) composite?
True
Let s = -324 - -675. Let m = s - 208. Is m composite?
True
Let j be 8/(-28) - (-219)/7. Let r = j - 8. Is r a prime number?
True
Let x(d) = -d**3 + 6*d**2 - 5*d - 2. Let b be x(5). Let s(h) = 0*h - 1 + 0*h + 3*h**2. Is s(b) a prime number?
True
Let p = -103 - -396. Is p a prime number?
True
Let h(f) = 3*f**2 + 3*f - 1. Let c be h(6). Suppose 4*u - c = -q, 4*q - u + 201 = 769. Is q a composite number?
True
Let i be ((-8)/10)/(2/(-5)). Let o(m) = 25*m**2 + 1 + 34*m**i + 2*m + 7*m**2. Is o(-1) prime?
False
Suppose -j - 20 = -3*j. Let s be (2*1)/(j/15). Suppose -3*h - s*a + 388 = h, -3*h + 291 = 5*a. Is h a prime number?
True
Suppose 0*q = q - 72. Is -2 + 5 + 2 + q prime?
False
Suppose -399 = -4*b + 3*f, -4*f = 5*b - 0*f - 522. Is (-1)/1 - (4 - b) composite?
False
Suppose -3*l = 2*l - 25. Is 2/l - 1266/(-10) prime?
True
Let o(t) = 9*t + 8. Let n(m) = -m**2 + 9*m + 8. Let p(q) = -5*n(q) + 6*o(q). Is p(-6) a composite number?
True
Let g(t) = -102*t + 1. Is g(-4) a composite number?
False
Suppose 5*o - 2139 = -604. Is o prime?
True
Suppose 0 = 2*m + 4*k + 3962, 7*k = -3*m + 2*k - 5939. Let a = -1306 - m. Is a a composite number?
True
Let y = -115 - -206. Is y a composite number?
True
Let f(p) = 2*p + 25. Let w be f(0). Suppose 248 = -2*k + 6*k. Let t = k - w. Is t prime?
True
Let k(g) = 11 + 35 + 2*g - 3*g. Is k(0) prime?
False
Let q = 259 + -110. Is q composite?
False
Let q = 276 - 173. Suppose 3*t - 12 = 0, d - 5*t - 8 = q. Is d prime?
True
Let j be 4/(2/(-14)*1). Let q = -1 - -3. Is (j/(-16))/(q/40) a prime number?
False
Suppose 4*n + 1 = 21. Suppose 3*l + l + 4779 = n*u, l = -u + 954. Is u a composite number?
True
Let w(r) = -1361*r**3 + r**2 + 2*r + 1. Is w(-1) a composite number?
False
Let q(c) = c**3 - 3*c**2 - 13*c + 10. Is q(9) a composite number?
False
Let r(s) = 2*s**2 - 4*s + 3. Let c be r(-5). Suppose 2*o - 2*a + c = a, o = -5*a - 4. Let h = -19 - o. Is h composite?
True
Suppose -4*z - 3*n + 26 = 16, -3*z - 7 = -5*n. Let f(r) = r**2 - r. Let s be f(0). Is z*-149*(s - 1) prime?
True
Let r(w) = -7*w + 2. Let y be r(-1). Let u = 1 + 2. Suppose 0 = u*c + 2*n + 4 - 6, y = c - n. Is c a composite number?
True
Suppose 5*x = 63 - 13. Let b be 20/8*8/x. Suppose -6 - 12 = -b*u. Is u prime?
False
Suppose -3*b - 255 - 259 = -2*h, 3*h - 771 = -4*b. Is h a prime number?
True
Is (0 - 4)*-838*1/8 a composite number?
False
Let x = 13 + -9. Suppose -g + 119 = d + g, -2*g - 516 = -x*d. Is d composite?
False
Suppose 7 = 2*t + 1. Is 559/t + (-4)/(-6) a composite number?
True
Suppose 3*d = 3894 + 4971. Let y be d/20 - 2/(-8). Suppose 0 = -u - p + 91, -2*u + 5*p + y + 62 = 0. Is u a composite number?
True
Let a(f) be the second derivative of 91*f**5/60 + f**4/24 - f**3/6 - f**2/2 + 3*f. Let h(y) be the first derivative of a(y). Is h(1) a composite number?
True
Is (-12)/(-1)*17 - 3 a composite number?
True
Let w(t) = -48*t + 19. Is w(-23) a prime number?
True
Is ((-1)/(-1) - 5) + (1 - -488) a composite number?
True
Suppose -4*r = 3*d - 259, -r = -4*d + 178 + 180. Suppose -5*j = -a - j - d, -a + j - 83 = 0. Is (2/3)/((-6)/a) prime?
False
Let v(g) = -g**3 + 2*g**2 - 6*g - 1. Is v(-4) prime?
False
Suppose -3*b = -z - 2404, -7*b = -3*b - z - 3206. Is b a prime number?
False
Suppose 0 = -4*g - 1 + 9. Suppose 0 = -5*t - 5*o + 765, -g*o = -5*t - 6*o + 770. Is t a composite number?
True
Let q(r) = r**2 + 5*r + 1. Let p = 25 - 41. Let k be 10/(-4)*p/10. Is q(k) a prime number?
True
Suppose 5*s - 2*t - 913 = 0, 5*s + 4*t - 885 = -t. Let z = -2 - -4. Suppose -z*b = -5*c + s, 0*b - 4*b = 12. Is c a composite number?
True
Let j be (1 - 8)*8/2. Let h be 353/6 - (-2)/12. Let q = j + h. Is q a prime number?
True
Suppose -3*f + 2*f + 2 = 0. Suppose f*w - 114 = 140. Is w prime?
True
Let m(v) = -4*v**3 + 8*v**2 - 9*v + 4. Let p(d) = 9*d**3 - 17*d**2 + 19*d - 7. Let t(x) = -7*m(x) - 3*p(x). Is t(6) prime?
False
Suppose 3*f = 2*h + h - 564, -747 = -4*h - f. Is 1 + -1 + -2 + h prime?
False
Let l be 18/4 - (-4)/(-8). Suppose -d + 1813 = 4*k, 0 = -l*k - d - d + 1810. Suppose 2*q - k = -r - 3*r, 0 = 3*r - 5*q - 334. Is r a composite number?
False
Suppose 2*c = -c + 6. Let k be 0/c - (-3)/(-3). Is ((-1)/(-1))/k + 3 a prime number?
True
Let t be (-3)/(-3)*2 + 1. Suppose 37 = -t*j - 128. Let n = 122 + j. Is n composite?
False
Let t(p) = 162*p**3 - p**2 - p + 1. Is t(1) prime?
False
Let n(p) = -4*p**2 - p + 0*p**3 + 5*p**2 + 5*p**3 - 6*p**3. Let m be n(0). Suppose 0 = -3*a - 2*s + 83 + 30, m = -a + 4*s + 33. Is a prime?
True
Let o = 0 + 0. Suppose 0*z - z + 11 = o. Suppose 60 = a + z. Is a a prime number?
False
Let b = 909 - 463. Is b a prime number?
False
Suppose d = 185 + 3. Suppose -37 = -a - 4*p, 2*p + d = 4*a - 2*p. Suppose z = 4*z - a. Is z a prime number?
False
Let g(l) = 5*l**2 - 7*l - 11. Let u(j) = 3*j**2 - 4*j - 6. Let q(i) = -4*g(i) + 7*u(i). Let w be q(-2). Suppose -3*s - w = -207. Is s a composite number?
False
Suppose 135 = 4*d - 1. Suppose 5*v - 4*s = -2*s + d, 2*v + 5*s - 2 = 0. Is v composite?
True
Let l(i) = 2*i**2 + 4*i + 13. Is l(9) a prime number?
True
Suppose -a + 5*a = 0. Suppose -3*w - 3 = a, u - 113 = -u - 5*w. Is u prime?
True
Let y(j) = j**3 + 11*j**2 - 8*j - 3. Is y(-8) composite?
True
Let s(d) = -d**2 - 6*d + 5. Let l be s(-6). Suppose 0 = -2*n - o + 255, -l*n + 637 = -0*o + 2*o. Is n a prime number?
True
Suppose -m + 980 = -581. Is m composite?
True
Suppose 0*r = r. Is (-3 + r)*(-710)/6 composite?
True
Let s(u) = u**3 + 2*u - 4 + u**2 + 4*u**3 - 7*u**3. Is s(-3) a prime number?
True
Let h(q) = -196*q + 3. Is h(-1) a prime number?
True
Suppose 6*t = 4*t + 6. Let v(c) = -15*c - 3. Let j be v(t). Let l = j - -95. Is l prime?
True
Let j(t) = 54*t**2 - 3. Let q be j(-4). Suppose -2*l - l + q = 0. Is l composite?
True
Suppose 5*i = -2*g + 734, 3*g - 31 - 552 = -4*i. Let j(l) = -4*l - 1. Let w be j(-1). Suppose w*x + x = i. Is x a composite number?
False
Suppose -d - l + 28 = 0, 0*l = d + 5*l - 36. Is d a composite number?
True
Let k = -2232 + 3185. Is k a composite number?
False
Let s = 12 - 8. Suppose s*w = 5*m + 4, 5*m - 22 = -w + 4. Is w composite?
True
Let b(k) = -1150*k**3 - 2*k - 1. Is b(-1) a prime number?
True
Suppose 4*u + 3 = 15. Suppose 0 = 2*d - u*m + 257, -6*m = -2*d - 2*m - 256. Is (1 + d/3)*-3 prime?
True
Suppose v = -3*t + 1918, 7654 = 4*v - 0*v + 3*t. Suppose 5*p = -4*k + 2*p + 1877, 4*k = 4*p + v. Is k composite?
True
Let t(l) = 49*l + 1. Let v be t(2). Let b be 0 + (v*2)/1. Suppose b = 5*c + j, -2*c = -c - 3*j - 30. Is c a composite number?
True
Suppose 4 = 5*b + 2*k, 5*b - 4*k + 12 = 34. Let p(g) = 2*g**3 - 2*g**2 - 5*g**3 + g**3 + 4*g - b*g**2 - 1. Is p(-4) composite?
False
Let o be ((0/(-1))/2)/2. Is 11/(-1 + o)*-11 composite?
True
Let l(f) = 2*f - 6. Let i be l(8). Let r be (2/(-5))/((-2)/i). Is (14/(-4))/(r/(-44)) prime?
False
Let b = -461 - -84. Let h = b - -58. Let f = -206 - h. Is f composite?
False
Let p(h) = h**2 - 3*h + 2. Let d be p(3). Suppose 20 = 5*i - d*m, 3*m - 7*m = 20. Suppose -3*b = 2*s - 95, 0*s - 2*s = -i*b + 60. Is b a prime number?
True
Let r be 2/8 + 2835/20. Suppose t = -5*j + 41, -3*t + r = -0*t - 4*j. Let n = t + 421. Is n a prime number?
True
Let w = 415 - 143. Suppose c + 1460 = 5*i - 4*c, -i = 3*c - w. Is i prime?
False
Suppose 2*l + 202 = 3*y, -l + 217 = 5*y - 124. Suppose -y + 299 = 3*v. Is v composite?
True
Let k be (3 - 1)/((-10)/(-35)). Let b = k + -5. Suppose 3*r - 9 = 0, 3*s + s = b*r + 118. Is s prime?
True
Let z(y) = y**3 - 13*y**2 + 15*y - 2. Let u be z(11). Let t = 116 + u. Is t prime?
True
Let z(y) = 29*y**2 + y + 9. Is z(-4) composite?
True
Suppose -4*o + 4 + 8 = 0. Suppose 4*c + 2*a + 12 = 0, c - a + 0 = o. Is 4/(-8)*(c - 25) a prime number?
True
Let b(g) = g**2 - 3 - 5*g**2 + 0 - 2*g - 4*g**3. Let o be b(-3). Suppose -2*t = 4*x - 100, 2*x + 4*t - o = -x. Is x a composite number?
True
Suppose 0 = -5*v + 624 + 91. Is v